the prime factors of 1188118352?
2, 74257397
List the prime factors of 1126785.
3, 5, 11, 6829
What are the prime factors of 82464625?
5, 409, 1613
What are the prime factors of 568896617?
79, 433, 16631
What are the prime factors of 31686709?
23, 191, 7213
What are the prime factors of 1184022860?
2, 5, 661, 89563
What are the prime factors of 76412842?
2, 11, 157, 22123
What are the prime factors of 2147737301?
2147737301
List the prime factors of 323853678.
2, 3, 17991871
List the prime factors of 591254834.
2, 173, 1708829
What are the prime factors of 1120417434?
2, 3, 59, 117223
What are the prime factors of 682929739?
163, 523, 8011
List the prime factors of 339409316.
2, 41, 2069569
List the prime factors of 340084872.
2, 3, 1574467
List the prime factors of 2232758517.
3, 11, 29, 2333081
List the prime factors of 127699245.
3, 5, 1229, 2309
List the prime factors of 95687874.
2, 3, 5315993
List the prime factors of 925750096.
2, 17, 43, 79151
What are the prime factors of 136579705?
5, 29, 941929
List the prime factors of 55930319.
19, 23, 131, 977
List the prime factors of 256499758.
2, 107, 139, 8623
List the prime factors of 669043308.
2, 3, 47, 109, 10883
List the prime factors of 198657033.
3, 37, 43, 41621
List the prime factors of 673672073.
17, 83, 223, 2141
What are the prime factors of 1264771403?
7, 23, 29, 41, 6607
What are the prime factors of 5037968731?
19, 1871, 141719
List the prime factors of 34770241.
11, 3160931
List the prime factors of 30853857.
3, 97, 229, 463
What are the prime factors of 717863157?
3, 11, 7251143
List the prime factors of 7419465.
3, 5, 54959
What are the prime factors of 1758056020?
2, 5, 7, 17, 691, 1069
List the prime factors of 127091478.
2, 3, 47, 277, 1627
What are the prime factors of 8061447794?
2, 19, 311, 499, 1367
List the prime factors of 52556070.
2, 3, 5, 7, 250267
What are the prime factors of 3683432680?
2, 5, 29, 3175373
What are the prime factors of 15114113?
7, 43, 149, 337
What are the prime factors of 198634910?
2, 5, 61, 325631
What are the prime factors of 750403513?
103, 1451, 5021
What are the prime factors of 46684365?
3, 5, 7, 13, 23, 1487
List the prime factors of 571146900.
2, 3, 5, 131, 14533
What are the prime factors of 1078614666?
2, 3, 43, 1393559
What are the prime factors of 62157002?
2, 2389, 13009
List the prime factors of 45359349.
3, 7, 17, 2593
List the prime factors of 9081154.
2, 439, 10343
What are the prime factors of 442210134?
2, 3, 257, 286777
List the prime factors of 4555158842.
2, 13, 175198417
What are the prime factors of 96487392?
2, 3, 23, 89, 491
List the prime factors of 88083024.
2, 3, 61, 67, 449
List the prime factors of 4631831994.
2, 3, 771971999
What are the prime factors of 46678268?
2, 7, 13, 128237
What are the prime factors of 67503307?
919, 73453
List the prime factors of 72865504.
2, 2277047
What are the prime factors of 421685973?
3, 15617999
List the prime factors of 428132538.
2, 3, 3121, 7621
List the prime factors of 880151766.
2, 3, 13, 701, 16097
List the prime factors of 178120981.
178120981
What are the prime factors of 270827652?
2, 3, 22568971
What are the prime factors of 168221141?
11, 29, 349, 1511
What are the prime factors of 5294008826?
2, 107, 24738359
List the prime factors of 102286539.
3, 181, 62791
What are the prime factors of 37967344?
2, 2372959
List the prime factors of 33751608.
2, 3, 11, 173, 739
List the prime factors of 25196519.
37, 680987
What are the prime factors of 163945733?
7, 23420819
List the prime factors of 108467630.
2, 5, 499, 21737
What are the prime factors of 12648766?
2, 13, 486491
List the prime factors of 332798523.
3, 23, 4823167
List the prime factors of 1661034413.
1661034413
What are the prime factors of 8307651716?
2, 7, 13, 22823219
What are the prime factors of 70066103?
2161, 32423
What are the prime factors of 1898638895?
5, 379727779
List the prime factors of 1202739756.
2, 3, 41, 43, 139, 409
What are the prime factors of 3873048220?
2, 5, 193652411
List the prime factors of 99385420.
2, 5, 4969271
List the prime factors of 192598734.
2, 3, 23, 1395643
What are the prime factors of 106706973?
3, 35568991
List the prime factors of 152239074.
2, 3, 13, 1951783
List the prime factors of 136578239.
7, 613, 4547
What are the prime factors of 5790938223?
3, 7, 275758963
List the prime factors of 16480451.
13, 1267727
What are the prime factors of 277754666?
2, 7, 107, 157, 1181
List the prime factors of 1404209924.
2, 13, 27004037
List the prime factors of 30081474.
2, 3, 127, 13159
List the prime factors of 246654956.
2, 89, 692851
List the prime factors of 1255828489.
4721, 266009
List the prime factors of 1432612347.
3, 477537449
List the prime factors of 3989396399.
3989396399
What are the prime factors of 427717336?
2, 37, 193, 7487
List the prime factors of 9007778598.
2, 3, 7, 13, 167, 223, 443
What are the prime factors of 588277870?
2, 5, 58827787
What are the prime factors of 2895134922?
2, 3, 160840829
What are the prime factors of 2191552068?
2, 3, 31, 271, 21739
What are the prime factors of 25129360?
2, 5, 314117
What are the prime factors of 1026156542?
2, 11311, 45361
What are the prime factors of 24642670?
2, 5, 13, 189559
List the prime factors of 2908349.
19, 153071
What are the prime factors of 963122352?
2, 3, 17, 277, 4261
What are the prime factors of 849083451?
3, 283027817
What are the prime factors of 20825594?
2, 101, 131, 787
What are the prime factors of 48551652?
2, 3, 109, 12373
List the prime factors of 198058722.
2, 3, 2267, 14561
List the prime factors of 143139094.
2, 7, 1460603
List the prime factors of 930032852.
2, 7, 1087, 30557
List the prime factors of 2813378.
2, 1406689
What are the prime factors of 236146614?
2, 3, 11, 317, 11287
What are the prime factors of 3920389430?
2, 5, 392038943
List the prime factors of 1373651276.
2, 89, 419, 9209
List the prime factors of 1250256031.
19, 463, 142123
What are the prime factors of 10979531?
127, 86453
What are the prime factors of 136556108?
2, 13, 2626079
List the prime factors of 251997242.
2, 7, 17999803
List the prime factors of 30285233.
11, 31, 88813
List the prime factors of 87196352.
2, 1362443
List the prime factors of 10522174.
2, 13, 404699
What are the prime factors of 1663738248?
2, 3, 69322427
List the prime factors of 652478941.
103, 6334747
What are the prime factors of 41141641?
23, 1788767
List the prime factors of 7347608655.
3, 5, 19, 25781083
What are the prime factors of 216210221?
216210221
List the prime factors of 277092639.
3, 17, 53, 34171
What are the prime factors of 43727558?
2, 7, 601, 5197
List the prime factors of 648602661.
3, 7, 29, 152147
What are the prime factors of 32859974?
2, 7, 2347141
List the prime factors of 112090645.
5, 22418129
List the prime factors of 62064112.
2, 11, 352637
List the prime factors of 321009939.
3, 11889257
List the prime factors of 323844580.
2, 5, 739, 21911
List the prime factors of 117843782.
2, 7, 563, 14951
List the prime factors of 27085873.
107, 163, 1553
What are the prime factors of 3670795046?
2, 127, 14451949
List the prime factors of 1218441962.
2, 609220981
List the prime factors of 21706213.
101, 214913
List the prime factors of 841111076.
2, 13, 19, 851327
What are the prime factors of 1699736442?
2, 3, 5347, 52981
What are the prime factors of 40497?
3, 13499
What are the prime factors of 260473044?
2, 3, 13, 37, 45127
What are the prime factors of 1129437?
3, 59, 709
List the prime factors of 56998138.
2, 19, 101, 14851
What are the prime factors of 80212928?
2, 1253327
List the prime factors of 4231432968.
2, 3, 7, 2399, 10499
What are the prime factors of 305340317?
19, 37, 83, 5233
List the prime factors of 432326636.
2, 7, 15440237
List the prime factors of 85029376.
2, 17, 9769
List the prime factors of 28915357.
137, 211061
List the prime factors of 713542834.
2, 19, 3181, 5903
List the prime factors of 36796716.
2, 3, 11, 92921
What are the prime factors of 497096559?
3, 55232951
List the prime factors of 3295853084.
2, 499, 1651229
What are the prime factors of 2862562334?
2, 29, 49354523
List the prime factors of 94406154.
2, 3, 15734359
List the prime factors of 873607207.
11, 79418837
List